 467659 and 391.
23
What is the greatest common divisor of 14775600 and 40?
40
Calculate the greatest common divisor of 3858811 and 12947.
121
What is the highest common divisor of 9216 and 1984128?
384
Calculate the highest common divisor of 8568 and 2948344.
952
Calculate the greatest common divisor of 1265 and 473275255.
115
Calculate the greatest common divisor of 8030716 and 4.
4
Calculate the highest common divisor of 49 and 586201.
7
Calculate the highest common factor of 24510074 and 670.
134
What is the highest common factor of 93 and 1922341?
31
Calculate the highest common divisor of 1301 and 48999563.
1301
What is the greatest common factor of 43217 and 2829774?
1879
What is the greatest common divisor of 8500635 and 220?
55
Calculate the greatest common divisor of 110736 and 15570.
18
What is the greatest common divisor of 14670 and 628380?
90
Calculate the highest common divisor of 1730967 and 4652886.
2919
Calculate the greatest common divisor of 9768850 and 17100.
950
Calculate the highest common divisor of 2178 and 1520046.
198
What is the highest common factor of 49481379 and 18?
9
What is the highest common divisor of 30 and 1034299200?
30
Calculate the highest common factor of 16636152 and 1560.
312
What is the greatest common divisor of 91535830 and 1493?
1493
What is the highest common factor of 4576 and 32205316?
572
What is the greatest common divisor of 8667 and 161463?
321
What is the greatest common factor of 37244420 and 340?
20
What is the highest common factor of 15640 and 206436040?
920
What is the greatest common divisor of 24 and 7671630?
6
Calculate the highest common divisor of 483185 and 4579651.
2357
Calculate the greatest common divisor of 4615 and 2175440.
355
Calculate the greatest common factor of 2421243 and 2849.
407
Calculate the highest common factor of 22284161 and 9741.
3247
Calculate the highest common factor of 61848 and 48372867.
7731
What is the greatest common divisor of 51288 and 49332?
12
Calculate the greatest common factor of 170538 and 25890048.
3966
Calculate the greatest common divisor of 19865 and 12042574.
137
Calculate the highest common divisor of 7670146 and 22.
22
Calculate the highest common divisor of 30722265 and 79380.
2205
What is the greatest common divisor of 2005511 and 20225?
809
What is the greatest common factor of 718436 and 28811?
613
Calculate the greatest common divisor of 224 and 1158934.
14
What is the greatest common divisor of 72807 and 3171?
21
Calculate the highest common divisor of 9614 and 12650.
506
What is the highest common divisor of 126290 and 28835?
365
Calculate the greatest common factor of 99685088 and 256.
32
What is the greatest common factor of 216 and 355384?
8
Calculate the highest common divisor of 15 and 19502985.
15
What is the highest common divisor of 7436 and 120219?
11
What is the greatest common divisor of 126 and 1310736?
42
Calculate the highest common divisor of 756 and 413742.
42
Calculate the highest common factor of 1806079 and 2599.
113
Calculate the greatest common divisor of 126521 and 6745.
19
Calculate the highest common divisor of 787151 and 12236177.
2437
Calculate the highest common divisor of 47185204 and 3828.
1276
Calculate the highest common divisor of 512 and 1077944.
8
Calculate the greatest common divisor of 7194 and 2437458.
654
Calculate the highest common divisor of 11187497 and 43587.
167
Calculate the greatest common divisor of 520151709 and 1897.
1897
Calculate the highest common factor of 95977594 and 106.
106
What is the greatest common factor of 4419100 and 175?
175
Calculate the greatest common divisor of 81 and 3008637.
27
Calculate the greatest common divisor of 218365632 and 17784.
1368
Calculate the highest common factor of 31205 and 573935.
395
Calculate the highest common factor of 18611 and 128768.
503
What is the highest common divisor of 33229305 and 3825?
765
Calculate the highest common factor of 236599 and 199883.
137
Calculate the greatest common factor of 505582 and 91388.
1474
Calculate the highest common divisor of 687222 and 11866347.
4707
Calculate the highest common divisor of 24444078 and 414.
138
What is the greatest common divisor of 9750 and 12320724?
78
Calculate the highest common factor of 3132 and 195017112.
3132
What is the highest common divisor of 329363105 and 115?
115
Calculate the highest common divisor of 8946 and 812382.
426
Calculate the highest common divisor of 3583692 and 756.
252
What is the highest common factor of 49 and 59995747?
49
What is the highest common divisor of 199425792 and 6984?
2328
Calculate the highest common divisor of 106764 and 1158.
6
Calculate the greatest common factor of 5404806 and 6912.
54
What is the highest common factor of 33793882 and 1244?
622
What is the greatest common factor of 15964 and 67652?
52
What is the highest common factor of 528040 and 31928?
2456
What is the highest common factor of 99 and 5871239?
11
What is the highest common factor of 2030976 and 70479?
369
What is the greatest common divisor of 339960 and 84160?
40
Calculate the highest common divisor of 134366 and 300472.
1058
Calculate the greatest common divisor of 836 and 1326259.
11
Calculate the greatest common divisor of 90965354 and 1468.
734
What is the greatest common factor of 247 and 103578709?
247
Calculate the highest common divisor of 2829750 and 1155.
1155
Calculate the highest common factor of 68 and 452050604.
68
Calculate the highest common factor of 3443 and 163073.
313
What is the greatest common divisor of 26520 and 119470?
130
Calculate the greatest common divisor of 26702 and 215306.
338
What is the greatest common factor of 6794264 and 88?
8
What is the greatest common factor of 462989 and 3103?
107
Calculate the highest common factor of 29783884 and 43940.
676
Calculate the highest common factor of 40916 and 66117168.
772
Calculate the highest common divisor of 4996475 and 125.
25
Calculate the highest common factor of 132 and 20285496.
132
Calculate the greatest common factor of 2489914 and 105.
7
Calculate the greatest common factor of 4471077 and 546.
39
Calculate the highest common factor of 10823423 and 143.
13
Calculate the highest common factor of 3633205992 and 741.
741
Calculate the greatest common divisor of 305115 and 35.
5
What is the highest common factor of 554506 and 164594?
1598
Calculate the highest common factor of 3915 and 34770.
15
What is the greatest common factor of 6795787 and 4807?
437
What is the greatest common divisor of 287375 and 126566?
121
What is the highest common factor of 1889657 and 5519591?
7469
What is the highest common divisor of 71906670 and 495?
495
What is the greatest common factor of 23214 and 17124486?
438
Calculate the greatest common factor of 424766620 and 30.
10
What is the highest common divisor of 29547000 and 144?
72
Calculate the highest common divisor of 2851844 and 4.
4
Calculate the highest common divisor of 426831 and 1752.
219
What is the highest common factor of 283140 and 140600790?
10890
What is the greatest common divisor of 1796225 and 1725?
25
Calculate the greatest common factor of 3611 and 582797.
23
Calculate the highest common factor of 75794020 and 20.
20
Calculate the greatest common factor of 777561 and 79764.
69
What is the greatest common divisor of 13495 and 24845?
5
What is the greatest common factor of 135957606 and 3216?
402
Calculate the greatest common divisor of 672 and 4995312.
336
Calculate the greatest common divisor of 74373 and 949.
13
What is the greatest common divisor of 604436 and 840?
28
Calculate the greatest common factor of 408 and 189738972.
204
Calculate the highest common factor of 19936 and 738878.
1246
What is the highest common divisor of 666 and 9458199?
333
What is the greatest common divisor of 52427967 and 2247?
321
Calculate the highest common divisor of 156 and 62999412.
12
Calculate the highest common divisor of 656 and 126037444.
164
Calculate the greatest common factor of 1321557 and 27061041.
12351
What is the greatest common factor of 1498 and 6728008?
14
What is the highest common divisor of 44400345 and 705?
15
What is the greatest common divisor of 225 and 437688?
9
Calculate the highest common factor of 22723498 and 28.
14
W